.
2
Let i(u) be the second derivative of -u**6/360 + u**5/24 + u**4/6 - 2*u**3/3 - 5*u. Let r(l) be the second derivative of i(l). What is r(5)?
4
Let c(v) be the third derivative of v**4/12 - 23*v**2. Calculate c(-2).
-4
Suppose 4*i + 20 = 0, 2*i = -3*a + i - 2. Suppose 3*p + 13 = q + a, p + 17 = -4*q. Let u(k) = -k**3 - 3*k**2 - k - 2. Determine u(q).
1
Let t(m) = 2 + 0 - 2 + 2 + m. Give t(5).
7
Let j(d) = -2*d + 12. Let i(z) = 3*z - 11. Let t(f) = 3*i(f) + 4*j(f). Give t(-9).
6
Suppose 3 - 7 = -4*m. Let n(k) = k + 1. Let o(s) = -1. Let c(g) = m*n(g) + 2*o(g). Determine c(-5).
-6
Let q(n) = -3*n + 1. Suppose 4*t + 0 = -w + 8, 0 = 3*w + 4*t. Let u = w - -6. Suppose 3*b - 2*h = 3, u = 2*b + 5*h - 0*h. Calculate q(b).
-2
Let o(r) = -120 + 111 - 3*r + 0*r. Determine o(-8).
15
Suppose -2*h = 5*g - 5, h = 4*g + 3*h - 2. Let t(f) = -8 - 3*f + g + 4. Calculate t(1).
-4
Let s = -4 - -6. Suppose 0 = s*h + 3*h + 15. Let f(x) = x - 4*x + 52*x**3 + 2*x**2 + x + 3 - 51*x**3. What is f(h)?
0
Let g(f) = -4*f + 0*f + 5 - 5. Let t(n) = -n. Let d(c) = g(c) - 3*t(c). Calculate d(-5).
5
Let t(c) = 2*c + 5. Let f(u) = -u**3 - 2*u**2 + 2*u - 1. Let h be f(1). Let x be h/(-7) - (-74)/(-14). Calculate t(x).
-5
Let a(y) = y**3 - y**2 - 4*y - 3. Let t(p) = -p - 5. Suppose 5*l - 3 = 6*l. Let g be t(l). What is a(g)?
-7
Let b be 3/(-2 + 8)*-12. Let y = 7 + b. Let i(w) = 3*w**2. Give i(y).
3
Let f(q) = q**3 + 5*q**2 - 5*q + 1. Suppose 0 = g + 3*g, 4*v = 4*g - 24. Calculate f(v).
-5
Let n(x) be the third derivative of -x**4/24 - 5*x**2. Determine n(4).
-4
Let f(i) be the first derivative of -2*i**2 + i + 15. What is f(-4)?
17
Let s(g) = -g**3 - 6*g**2 + 6. Let y be s(-6). Let o(i) be the first derivative of i**4/4 - 5*i**3/3 - 4*i**2 + 7*i - 3. Determine o(y).
-5
Let j = 10 + -9. Let i(y) be the third derivative of -y**7/1260 - y**6/720 + y**5/30 + 2*y**2. Let t(k) be the third derivative of i(k). Calculate t(j).
-5
Let i(g) = g**3 - 7*g**2 + 6*g - 7. Suppose 3*t + 4*j = 16, 3*t - 2*j = 6 - 14. Suppose -o - 3*y + 9 = t, -3*o + 0*y = 3*y - 21. Give i(o).
-7
Let s = -4 + 10. Let t(h) = -h + 6 - s. Let z be t(-5). Let u(a) = a + 2. Determine u(z).
7
Suppose 0 = -3*r + 5*r. Let f be r - ((-8)/2 + 3). Let x be f/(-2) - 35/14. Let s(l) = -l - 1. Determine s(x).
2
Suppose 2*l = -2*k, 0 = -2*l + 5*k + 33 + 2. Let d(z) = -7*z + z + l - 2*z**2 + 2*z. Let w = -250 + 246. Determine d(w).
-11
Let d(q) = -2*q - 4. Let f(n) be the third derivative of n**4/8 + 3*n**3/2 - 2*n**2. Let i be 0 + (1 + -10)/3. Let p(v) = i*f(v) - 5*d(v). Give p(0).
-7
Let f(v) = v**3 + v**2 - 1. Let t(u) = 2*u**3 - 8*u**2 + 2*u + 5. Let p(q) = -6*f(q) - t(q). Determine p(1).
-7
Let g(p) = -12*p**3 + 4*p**2 - 9*p. Suppose 3 = -2*r + 17. Let y(t) = -6*t**3 + 2*t**2 - 4*t. Let h(d) = r*y(d) - 3*g(d). Calculate h(1).
-5
Suppose 4*l + 24 = -4*u, 0*l - 3*l = 5*u + 24. Let b(w) = w**2 + 2*w - 3. Determine b(u).
0
Let b(q) = -7*q**3 - q**2 - 7*q + 7. Let t(a) = -4*a**3 - a**2 - 4*a + 4. Let g(h) = 3*b(h) - 5*t(h). What is g(2)?
-1
Let u(q) = q - 12. Let x be u(6). Let y = x - -2. Let v(r) = -5 - 3*r**3 + r**2 + 2*r + 4*r**3 + 4*r**2. Determine v(y).
3
Let h(t) = t**3 - 3*t**2 - 5*t + 5. Let p = 8 - 5. Suppose 3*w = 18 + p. Suppose 3*q - 14 = -a, -4*a - w = -5*q + 5. Determine h(q).
1
Let q(i) = -4 + 1 + 5*i**2 - 3*i**2 - i + 2*i**3 - i**3. Let v be q(-3). Let d = 7 + v. Let o(p) = -p - 1. Determine o(d).
1
Suppose -8*c - 13 = -37. Suppose 3*v + 8 = 5*v. Let k(d) = 3*d**c + 3*d + 8 - 2 - 4*d**2 + 0*d**3 - v*d**3. Determine k(-4).
-6
Let s(o) = -2*o + 1. Suppose -b = 2*b - 84. Suppose 2*z + 11 = -w, 4*z - 2*w + b = 2*w. Let y be (-8)/3 - z/(-18). Give s(y).
7
Let o(k) be the third derivative of -k**5/60 - k**4/24 + k**3/6 - k**2. Let h(m) = m**3 + 4*m**2 - 2*m - 13. Let s be h(-3). Determine o(s).
-5
Let y(n) = -n + 1. Suppose 4*t = -3*o + 12, -3*o + o = 3*t - 9. Give y(t).
-2
Let d(s) = -19*s**2 - 5 + 13*s**2 + s**3 + 6. What is d(6)?
1
Let m(u) = -3*u**2 - 2*u + 2. Let a(f) = 10*f**2 + 5*f - 6. Let q(n) = -2*a(n) - 7*m(n). Let t be (10/4)/((-2)/4). Determine q(t).
3
Let d(c) = -c**2 - 4. Let n be 3*(1 - 2) - -3. Let a be d(n). Let x(f) = f**3 + 4*f**2 - f + 3. Determine x(a).
7
Let s(k) = -k**2 + 1. Let z be (-9)/(-2) - 2/4. Suppose -c - l = -3*c + 1, 0 = -4*c + z*l. Suppose -c - 3 = 5*a - 3*b, 3*a = b - 4. What is s(a)?
-3
Suppose 6*g - 9*g = 9. Let a(v) = v**2 + 3*v + 4. Calculate a(g).
4
Suppose 5*u - 24 = -2*l, 5*u + 4*l - 7 - 11 = 0. Let b(g) be the third derivative of 1/24*g**4 - 1/3*g**3 + 0 + 3*g**2 + 0*g. What is b(u)?
4
Let r(w) be the second derivative of w**3/6 + 2*w**2 - 3*w. Calculate r(6).
10
Let o = -2 + 8. Let i(s) = s**2 - s**2 - 1 + s**2 - 2*s**2 + o*s. Determine i(5).
4
Let k(v) be the second derivative of v**4/12 + v**3 + 3*v**2/2 - v. Let f(u) = u**2 - 18*u - 68. Let j be f(21). Calculate k(j).
-2
Let z(n) = -7*n - 2. Let l(o) = 15*o + 3. Let f(y) = -4*l(y) - 9*z(y). Give f(-5).
-9
Let o(m) = m**3 + 3*m**2 + m - 2. Let i(j) = -j**2 - 10*j - 18. Let r be i(-8). Give o(r).
0
Let n(a) = 12*a. Let p(y) = -y**3 - 20*y**2 - 20*y - 18. Let i be p(-19). Calculate n(i).
12
Suppose w + 12 = -9. Let b = w + 20. Let f(t) = 4*t**2. Give f(b).
4
Let q(a) be the first derivative of a**3/3 + 3*a**2/2 - 5*a + 29. Give q(-5).
5
Let l(s) be the second derivative of s**3 - 3*s**2/2 - 28*s. Calculate l(-3).
-21
Let y(m) = -m**3 - 5*m**2 + 5*m - 4. Suppose o - 6*o - 14 = 4*q, -4*q = -3*o + 30. Give y(q).
2
Let m(b) = -53*b**3 - 11*b**2 - 5*b + 3. Let l(h) = 18*h**3 + 4*h**2 + 2*h - 1. Let t(r) = 8*l(r) + 3*m(r). Give t(-1).
14
Suppose b - 4*b - v = -6, 0 = 4*b + 4*v - 8. Let m(o) = 2*o - b*o - 4*o. Calculate m(-2).
8
Let q(u) = -u - 4. Suppose i = -4*i + 5. Let m(h) = 3*h + 1. Let a be m(i). Give q(a).
-8
Let y(s) = -4*s - 1. Let b be y(-1). Let w(r) = -15*r + 15. Let i(l) = l - 1. Let o(v) = 33*i(v) + 2*w(v). Calculate o(b).
6
Let a(q) = q**3 - 3*q**2 - q - 1. Let c(g) = g**2 + 7*g + 8. Let n be c(-9). Suppose -4*u + n + 11 = 5*t, 18 = u + 3*t. What is a(u)?
-4
Let w(y) be the second derivative of -1/12*y**4 + 4/3*y**3 - 9/2*y**2 + 0 - 4*y. Calculate w(6).
3
Let s(r) = -5*r**3 + r**2 - 2*r + 1. Let t be (1/(-2))/(1/(-2)). What is s(t)?
-5
Let d(n) = n**3 + 10*n**2 - 11*n + 2. Let o be d(-11). Let v(m) = -o*m + 5*m - m - 4. Determine v(5).
6
Suppose 2 - 34 = i. Let c be ((-1)/(-2))/((-8)/i). Let w(s) = -4*s**2 + 8*s**2 - 2*s + s**c - s**3. Calculate w(4).
8
Let q(o) = -4*o + 3. Let n be 8/(-3)*(-3)/2. Suppose -n*g - 12 = -6*g. Suppose 2*m + 2 - g = 0. Calculate q(m).
-5
Suppose 0 = 5*b + 13 + 2. Let r(q) = -7*q**3 - q**2 - 4*q + 8. Suppose 3*i + i = 20. Let c(h) = 4*h**3 + 2*h - 4. Let x(m) = i*c(m) + 3*r(m). Give x(b).
10
Suppose 0 = -4*d + 4*i - 4, 2 = -3*d + 2*i. Let z(l) = l**3 - l - 2*l**3 + d*l**3 + 7 - l**2 - 2. Suppose 0 = -5*t - 0*t. Give z(t).
5
Let b(g) = g**2 - g - 1. Let r be b(3). Let u(v) = 7*v**2 + 7. Let k(i) = -6*i**2 + i - 7. Let n(z) = -6*k(z) - 5*u(z). What is n(r)?
2
Let d(p) be the third derivative of p**5/20 - p**4/24 + p**3/6 + 7*p**2. Calculate d(3).
25
Suppose -3*h + 4*w - 5*w = 21, -5*h = -5*w + 15. Let n(f) = f**3 + 5*f**2 - 6*f + 1. Determine n(h).
1
Let t = -45 - -136/3. Let g(l) be the first derivative of 2*l**2 - 1 + t*l**3 + 0*l. Calculate g(-5).
5
Let q(s) = -2*s**3 + 2*s - 2. Let d = 34 - 32. Give q(d).
-14
Suppose 5*x - 6*c + 14 = -3*c, 2*c = 2*x + 8. Let d(i) = 2*i**2 + 5*i - 2. Let u(f) = -f**3 + f**2 - f + 1. Let j(w) = x*d(w) - u(w). What is j(4)?
1
Let j(m) be the second derivative of 1/12*m**4 + 0 + 9/2*m**2 + 7/6*m**3 - 10*m. Calculate j(-6).
3
Let s(w) = 2*w - 1. Suppose -3*q + 0*q + 12 = 0. Let m be 9/q + (-1)/4. Determine s(m).
3
Suppose 2*x + 5*l = 70, -4*l - 8 = -6*l. Let j(s) = x + 5*s - 16 + s + 2*s + s**2. What is j(-6)?
-3
Let m(g) = 2*g**3 - 5*g**3 + 4*g**3 + 7*g**2 - g - 9 + 0*g**3. What is m(-7)?
-2
Let r(b) = b - 4. Let k be r(5). Suppose -5*n + k = -29. Let a(c) = -2 + 3*c - n*c - 2. What is a(-3)?
5
Let b(k) be the second derivative of 2*k**3/3 + k**2/2 + 14*k. Give b(-4).
-15
Let h(f) = 9*f**2 + 4*f - 11. Let l(r) = 4*r**2 + 2*r - 5. Suppose -3*j + 48 = -4*u - 4*j, j = 3*u + 43. Let m(w) = u*l(w) + 6*h(w). Determine m(2).
3
Let n(l) be the first derivati